?
6
What is the hundreds digit of 2134258?
2
What is the hundred thousands digit of 14550772?
5
What is the ten thousands digit of 1411496?
1
What is the hundred thousands digit of 126716?
1
What is the hundreds digit of 897463?
4
What is the hundreds digit of 53355?
3
What is the ten thousands digit of 14528427?
2
What is the ten thousands digit of 60185?
6
What is the units digit of 2988935?
5
What is the thousands digit of 2029319?
9
What is the hundred thousands digit of 800149?
8
What is the tens digit of 1029800?
0
What is the millions digit of 1544340?
1
What is the units digit of 1926233?
3
What is the tens digit of 7618?
1
What is the hundred thousands digit of 493382?
4
What is the hundreds digit of 6486910?
9
What is the units digit of 295270?
0
What is the ten thousands digit of 1186113?
8
What is the hundreds digit of 411182?
1
What is the thousands digit of 1572201?
2
What is the hundred thousands digit of 199152?
1
What is the tens digit of 6268654?
5
What is the hundred thousands digit of 2688349?
6
What is the tens digit of 18835901?
0
What is the thousands digit of 18772383?
2
What is the hundreds digit of 9824?
8
What is the thousands digit of 215222?
5
What is the millions digit of 2611501?
2
What is the hundred thousands digit of 1749854?
7
What is the ten millions digit of 17335484?
1
What is the hundred thousands digit of 2217657?
2
What is the tens digit of 1765150?
5
What is the hundreds digit of 17847598?
5
What is the tens digit of 7243977?
7
What is the millions digit of 23707614?
3
What is the units digit of 66256?
6
What is the hundreds digit of 1151745?
7
What is the units digit of 46779?
9
What is the ten thousands digit of 247884?
4
What is the tens digit of 42725839?
3
What is the hundreds digit of 75408?
4
What is the hundreds digit of 824061?
0
What is the hundreds digit of 5752443?
4
What is the hundreds digit of 283437?
4
What is the hundreds digit of 3833922?
9
What is the millions digit of 2647533?
2
What is the hundreds digit of 1101932?
9
What is the thousands digit of 4067?
4
What is the hundred thousands digit of 796956?
7
What is the millions digit of 1000412?
1
What is the ten thousands digit of 296276?
9
What is the hundred thousands digit of 1782583?
7
What is the units digit of 134110?
0
What is the hundreds digit of 4280?
2
What is the hundred thousands digit of 268951?
2
What is the tens digit of 708687?
8
What is the millions digit of 12531083?
2
What is the units digit of 6671003?
3
What is the units digit of 6891944?
4
What is the ten thousands digit of 37379?
3
What is the tens digit of 1189007?
0
What is the units digit of 226263?
3
What is the hundred thousands digit of 647945?
6
What is the ten thousands digit of 1062289?
6
What is the hundreds digit of 5489380?
3
What is the tens digit of 130744?
4
What is the units digit of 3564561?
1
What is the units digit of 3544516?
6
What is the hundred thousands digit of 707576?
7
What is the units digit of 21077?
7
What is the ten millions digit of 14896040?
1
What is the hundred thousands digit of 33530136?
5
What is the ten thousands digit of 323638?
2
What is the millions digit of 6674233?
6
What is the tens digit of 660149?
4
What is the millions digit of 1391323?
1
What is the hundreds digit of 5639699?
6
What is the units digit of 3344323?
3
What is the units digit of 17947293?
3
What is the tens digit of 52033?
3
What is the units digit of 72652?
2
What is the units digit of 67798?
8
What is the tens digit of 369021?
2
What is the units digit of 60115?
5
What is the thousands digit of 1779049?
9
What is the tens digit of 425346?
4
What is the hundreds digit of 31636?
6
What is the millions digit of 2470801?
2
What is the units digit of 326708?
8
What is the thousands digit of 27447?
7
What is the hundreds digit of 1054237?
2
What is the thousands digit of 56429?
6
What is the hundreds digit of 22269604?
6
What is the hundreds digit of 522466?
4
What is the units digit of 136707?
7
What is the thousands digit of 791654?
1
What is the thousands digit of 705641?
5
What is the thousands digit of 1861284?
1
What is the tens digit of 24078?
7
What is the hundred thousands digit of 8152813?
1
What is the ten thousands digit of 177367?
7
What is the hundreds digit of 837060?
0
What is the thousands digit of 6709859?
9
What is the hundreds digit of 1284479?
4
What is the thousands digit of 5187864?
7
What is the hundreds digit of 223359?
3
What is the ten thousands digit of 2663087?
6
What is the thousands digit of 235048?
5
What is the units digit of 406318?
8
What is the hundred thousands digit of 364575?
3
What is the hundreds digit of 7762678?
6
What is the hundred thousands digit of 7997865?
9
What is the tens digit of 2299878?
7
What is the hundred thousands digit of 699677?
6
What is the units digit of 16589233?
3
What is the ten thousands digit of 476112?
7
What is the hundreds digit of 459247?
2
What is the units digit of 5632374?
4
What is the millions digit of 1986216?
1
What is the hundred thousands digit of 3411354?
4
What is the thousands digit of 4806236?
6
What is the units digit of 2490927?
7
What is the tens digit of 8582?
8
What is the hundred thousands digit of 4457119?
4
What is the hundred thousands digit of 2507551?
5
What is the thousands digit of 4074774?
4
What is the thousands digit of 6307087?
7
What is the ten thousands digit of 3654696?
5
What is the hundreds digit of 2916167?
1
What is the hundred thousands digit of 27767361?
7
What is the hundreds digit of 1406326?
3
What is the hundreds digit of 3004478?
4
What is the hundreds digit of 44222?
2
What is the millions digit of 5274351?
5
What is the thousands digit of 272752?
2
What is the tens digit of 1607300?
0
What is the tens digit of 131838?
3
What is the hundreds digit of 46770?
7
What is the ten thousands digit of 483783?
8
What is the thousands digit of 58084?
8
What is the millions digit of 1441830?
1
What is the hundreds digit of 232111?
1
What is the thousands digit of 1601502?
1
What is the hundred thousands digit of 771923?
7
What is the hundred thousands digit of 537668?
5
What is the hundreds digit of 2617054?
0
What is the units digit of 620740?
0
What is the hundred thousands digit of 816813?
8
What is the hundred thousands digit of 19782761?
7
What is the hundreds digit of 412449?
4
What is the hundred thousands digit of 9435516?
4
What is the hundreds digit of 1265684?
6
What is the tens digit of 571148?
4
What is the ten thousands digit of 2073944?
7
What is the millions digit of 7525776?
7
What is the hundred thousands digit of 2442087?
4
What is the millions digit of 5271616?
5
What is the tens digit of 619877?
7
What is the hundreds digit of 302798?
7
What is the hundreds digit of 1431742?
7
What is the hundreds digit of 108902?
9
What is the thousands digit of 2894?
2
What is the thousands digit of 82556?
2
What is the ten millions digit of 11595919?
1
What is the thousands digit of 398465?
8
What is the ten thousands digit of 457269?
5
What is the ten thousands digit of 117081?
1
What is the ten thousands digit of 3899398?
9
What is the tens digit of 1872671?
7
What is the hundreds digit of 6465580?
5
What is the ten thousands digit of 2461993?
6
What is the ten thousands digit of 848948?
4
What is the hundred thousands digit of 157738?
1
What is the hundred thousands digit of 329751?
3
What is the units digit of 3195551?
1
What is the units digit of 564446?
6
What is the hundreds digit of 4793557?
5
What is the millions digit of 11686157?
1
What is the millions digit of 2281257?
2
What is the thousands digit of 45878?
5
What is the units digit of 93121?
1
What is the units digit of 2566784?
4
What is the hundred thousands digit of 557451?
5
What is the hundreds digit of 282746?
7
What is the ten thousands digit of 383157?
8
What is the hundred thousands digit of 5592931?
5
What is the tens digit of 13663117?
1
What is the thousands digit of 137545?
7
What is the thousands digit of 365439?
5
What is the thousands digit of 261520?
1
What is the hundreds digit of 109493?
4
What is the tens digit of 6653504?
0
What is the hundred thousands digit of 7072576?
0
What is the tens digit of 455558?
5
What is the ten thousands digit of 36550782?
